{"id":20565,"date":"2022-07-19T13:19:48","date_gmt":"2022-07-19T11:19:48","guid":{"rendered":"https:\/\/tartosautoberles.siteapp.hu\/?page_id=20565"},"modified":"2023-07-18T11:05:11","modified_gmt":"2023-07-18T09:05:11","slug":"impresszum","status":"publish","type":"page","link":"https:\/\/tartosautoberles.siteapp.hu\/?page_id=20565","title":{"rendered":"Impresszum"},"content":{"rendered":"\t\t<div data-elementor-type=\"wp-page\" data-elementor-id=\"20565\" class=\"elementor elementor-20565\" data-elementor-post-type=\"page\">\n\t\t\t\t\t\t<section data-particle_enable=\"false\" data-particle-mobile-disabled=\"false\" class=\"elementor-section elementor-top-section elementor-element elementor-element-5ba6ec8 elementor-section-boxed elementor-section-height-default elementor-section-height-default\" data-id=\"5ba6ec8\" data-element_type=\"section\" data-e-type=\"section\">\n\t\t\t\t\t\t<div class=\"elementor-container elementor-column-gap-default\">\n\t\t\t\t\t<div class=\"elementor-column elementor-col-100 elementor-top-column elementor-element elementor-element-77adb4a\" data-id=\"77adb4a\" data-element_type=\"column\" data-e-type=\"column\">\n\t\t\t<div class=\"elementor-widget-wrap elementor-element-populated\">\n\t\t\t\t\t\t<div class=\"elementor-element elementor-element-29771c3 elementor-widget elementor-widget-heading\" data-id=\"29771c3\" data-element_type=\"widget\" data-e-type=\"widget\" data-widget_type=\"heading.default\">\n\t\t\t\t<div class=\"elementor-widget-container\">\n\t\t\t\t\t<h2 class=\"elementor-heading-title elementor-size-default\">Impresszum<\/h2>\t\t\t\t<\/div>\n\t\t\t\t<\/div>\n\t\t\t\t\t<\/div>\n\t\t<\/div>\n\t\t\t\t\t<\/div>\n\t\t<\/section>\n\t\t\t\t<section data-particle_enable=\"false\" data-particle-mobile-disabled=\"false\" class=\"elementor-section elementor-top-section elementor-element elementor-element-d558ee0 elementor-section-boxed elementor-section-height-default elementor-section-height-default\" data-id=\"d558ee0\" data-element_type=\"section\" data-e-type=\"section\">\n\t\t\t\t\t\t<div class=\"elementor-container elementor-column-gap-default\">\n\t\t\t\t\t<div class=\"elementor-column elementor-col-100 elementor-top-column elementor-element elementor-element-73c2c14\" data-id=\"73c2c14\" data-element_type=\"column\" data-e-type=\"column\">\n\t\t\t<div class=\"elementor-widget-wrap elementor-element-populated\">\n\t\t\t\t\t\t<div class=\"elementor-element elementor-element-3137eae elementor-widget elementor-widget-text-editor\" data-id=\"3137eae\" data-element_type=\"widget\" data-e-type=\"widget\" data-widget_type=\"text-editor.default\">\n\t\t\t\t<div class=\"elementor-widget-container\">\n\t\t\t\t\t\t\t\t\t<p style=\"text-align: center;\"><strong>\u00dczemeltet\u0151 c\u00e9g:<\/strong><\/p><p style=\"text-align: center;\">Autoflotta Kft.<\/p><p style=\"text-align: center;\">2161 Csom\u00e1d, Verebeshegy utca 12.<\/p><p style=\"text-align: center;\">Ad\u00f3sz\u00e1m: 10831421-2-13<\/p><p style=\"text-align: center;\">\u00a0<\/p><p>\u00a0<\/p><p style=\"text-align: center;\"><strong>T\u00e1rhelyszolg\u00e1ltat\u00f3:<\/strong><\/p><p style=\"text-align: center;\">C\u00e9gn\u00e9v: ELIN.hu Informatikai Szolg\u00e1ltat\u00f3 \u00e9s Tan\u00e1csad\u00f3 Kft.<br \/>Sz\u00e9khely c\u00edm: 9024 Gy\u0151r, D\u00e9ry T. u. 11.<br \/>Ad\u00f3sz\u00e1m: 14315754-2-08<\/p><p style=\"text-align: center;\">\u00a0<\/p>\t\t\t\t\t\t\t\t<\/div>\n\t\t\t\t<\/div>\n\t\t\t\t\t<\/div>\n\t\t<\/div>\n\t\t\t\t\t<\/div>\n\t\t<\/section>\n\t\t\t\t<\/div>\n\t\t","protected":false},"excerpt":{"rendered":"<p>Impresszum \u00dczemeltet\u0151 c\u00e9g: Autoflotta Kft. 2161 Csom\u00e1d, Verebeshegy utca 12. Ad\u00f3sz\u00e1m: 10831421-2-13 T\u00e1rhelyszolg\u00e1ltat\u00f3: C\u00e9gn\u00e9v: ELIN.hu Informatikai Szolg\u00e1ltat\u00f3 \u00e9s Tan\u00e1csad\u00f3 Kft. Sz\u00e9khely c\u00edm: 9024 Gy\u0151r, D\u00e9ry T. u. 11. Ad\u00f3sz\u00e1m: 14315754-2-08<\/p>\n","protected":false},"author":1,"featured_media":0,"parent":0,"menu_order":0,"comment_status":"closed","ping_status":"closed","template":"","meta":{"footnotes":""},"class_list":["post-20565","page","type-page","status-publish","hentry"],"yoast_head":"<!-- This site is optimized with the Yoast SEO plugin v26.9 - https:\/\/yoast.com\/product\/yoast-seo-wordpress\/ -->\n<title>Impresszum | Tart\u00f3s Aut\u00f3b\u00e9rl\u00e9s<\/title>\n<meta name=\"description\" content=\"Tart\u00f3s aut\u00f3b\u00e9rl\u00e9s jogi szem\u00e9lyeknek. T\u0151l\u00fcnk nem csak egy aut\u00f3t kap, hanem egy teljes k\u00f6r\u0171 szolg\u00e1ltat\u00e1st, aminek k\u00f6sz\u00f6nhet\u0151en tov\u00e1bbi\" \/>\n<meta name=\"robots\" content=\"noindex, follow, max-snippet:-1, max-image-preview:large, max-video-preview:-1\" \/>\n<meta property=\"og:locale\" content=\"hu_HU\" \/>\n<meta property=\"og:type\" content=\"article\" \/>\n<meta property=\"og:title\" content=\"Impresszum | Tart\u00f3s Aut\u00f3b\u00e9rl\u00e9s\" \/>\n<meta property=\"og:description\" content=\"Tart\u00f3s aut\u00f3b\u00e9rl\u00e9s jogi szem\u00e9lyeknek. T\u0151l\u00fcnk nem csak egy aut\u00f3t kap, hanem egy teljes k\u00f6r\u0171 szolg\u00e1ltat\u00e1st, aminek k\u00f6sz\u00f6nhet\u0151en tov\u00e1bbi\" \/>\n<meta property=\"og:url\" content=\"https:\/\/tartosautoberles.siteapp.hu\/?page_id=20565\" \/>\n<meta property=\"og:site_name\" content=\"Tart\u00f3s Aut\u00f3b\u00e9rl\u00e9s\" \/>\n<meta property=\"article:modified_time\" content=\"2023-07-18T09:05:11+00:00\" \/>\n<meta property=\"og:image\" content=\"https:\/\/tartosautoberles.siteapp.hu\/wp-content\/uploads\/2022\/07\/tartosautoberles-img-1-1.jpg\" \/>\n\t<meta property=\"og:image:width\" content=\"1920\" \/>\n\t<meta property=\"og:image:height\" content=\"995\" \/>\n\t<meta property=\"og:image:type\" content=\"image\/jpeg\" \/>\n<meta name=\"twitter:card\" content=\"summary_large_image\" \/>\n<meta name=\"twitter:label1\" content=\"Becs\u00fclt olvas\u00e1si id\u0151\" \/>\n\t<meta name=\"twitter:data1\" content=\"1 perc\" \/>\n<script type=\"application\/ld+json\" class=\"yoast-schema-graph\">{\"@context\":\"https:\/\/schema.org\",\"@graph\":[{\"@type\":\"WebPage\",\"@id\":\"https:\/\/tartosautoberles.siteapp.hu\/?page_id=20565\",\"url\":\"https:\/\/tartosautoberles.siteapp.hu\/?page_id=20565\",\"name\":\"Impresszum | Tart\u00f3s Aut\u00f3b\u00e9rl\u00e9s\",\"isPartOf\":{\"@id\":\"https:\/\/tartosautoberles.siteapp.hu\/#website\"},\"datePublished\":\"2022-07-19T11:19:48+00:00\",\"dateModified\":\"2023-07-18T09:05:11+00:00\",\"description\":\"Tart\u00f3s aut\u00f3b\u00e9rl\u00e9s jogi szem\u00e9lyeknek. T\u0151l\u00fcnk nem csak egy aut\u00f3t kap, hanem egy teljes k\u00f6r\u0171 szolg\u00e1ltat\u00e1st, aminek k\u00f6sz\u00f6nhet\u0151en tov\u00e1bbi\",\"breadcrumb\":{\"@id\":\"https:\/\/tartosautoberles.siteapp.hu\/?page_id=20565#breadcrumb\"},\"inLanguage\":\"hu\",\"potentialAction\":[{\"@type\":\"ReadAction\",\"target\":[\"https:\/\/tartosautoberles.siteapp.hu\/?page_id=20565\"]}]},{\"@type\":\"BreadcrumbList\",\"@id\":\"https:\/\/tartosautoberles.siteapp.hu\/?page_id=20565#breadcrumb\",\"itemListElement\":[{\"@type\":\"ListItem\",\"position\":1,\"name\":\"Kezd\u0151lap\",\"item\":\"https:\/\/tartosautoberles.siteapp.hu\/\"},{\"@type\":\"ListItem\",\"position\":2,\"name\":\"Impresszum\"}]},{\"@type\":\"WebSite\",\"@id\":\"https:\/\/tartosautoberles.siteapp.hu\/#website\",\"url\":\"https:\/\/tartosautoberles.siteapp.hu\/\",\"name\":\"Tart\u00f3s Aut\u00f3b\u00e9rl\u00e9s\",\"description\":\"Tart\u00f3s aut\u00f3b\u00e9rl\u00e9s kedvez\u0151 csomagaj\u00e1nlatokkal!\",\"publisher\":{\"@id\":\"https:\/\/tartosautoberles.siteapp.hu\/#organization\"},\"potentialAction\":[{\"@type\":\"SearchAction\",\"target\":{\"@type\":\"EntryPoint\",\"urlTemplate\":\"https:\/\/tartosautoberles.siteapp.hu\/?s={search_term_string}\"},\"query-input\":{\"@type\":\"PropertyValueSpecification\",\"valueRequired\":true,\"valueName\":\"search_term_string\"}}],\"inLanguage\":\"hu\"},{\"@type\":\"Organization\",\"@id\":\"https:\/\/tartosautoberles.siteapp.hu\/#organization\",\"name\":\"Tart\u00f3s Aut\u00f3b\u00e9rl\u00e9s\",\"url\":\"https:\/\/tartosautoberles.siteapp.hu\/\",\"logo\":{\"@type\":\"ImageObject\",\"inLanguage\":\"hu\",\"@id\":\"https:\/\/tartosautoberles.siteapp.hu\/#\/schema\/logo\/image\/\",\"url\":\"https:\/\/tartosautoberles.siteapp.hu\/wp-content\/uploads\/2022\/07\/tartosautoberles-logo-szines-1.png\",\"contentUrl\":\"https:\/\/tartosautoberles.siteapp.hu\/wp-content\/uploads\/2022\/07\/tartosautoberles-logo-szines-1.png\",\"width\":922,\"height\":199,\"caption\":\"Tart\u00f3s Aut\u00f3b\u00e9rl\u00e9s\"},\"image\":{\"@id\":\"https:\/\/tartosautoberles.siteapp.hu\/#\/schema\/logo\/image\/\"}}]}<\/script>\n<!-- \/ Yoast SEO plugin. -->","yoast_head_json":{"title":"Impresszum | Tart\u00f3s Aut\u00f3b\u00e9rl\u00e9s","description":"Tart\u00f3s aut\u00f3b\u00e9rl\u00e9s jogi szem\u00e9lyeknek. T\u0151l\u00fcnk nem csak egy aut\u00f3t kap, hanem egy teljes k\u00f6r\u0171 szolg\u00e1ltat\u00e1st, aminek k\u00f6sz\u00f6nhet\u0151en tov\u00e1bbi","robots":{"index":"noindex","follow":"follow","max-snippet":"max-snippet:-1","max-image-preview":"max-image-preview:large","max-video-preview":"max-video-preview:-1"},"og_locale":"hu_HU","og_type":"article","og_title":"Impresszum | Tart\u00f3s Aut\u00f3b\u00e9rl\u00e9s","og_description":"Tart\u00f3s aut\u00f3b\u00e9rl\u00e9s jogi szem\u00e9lyeknek. T\u0151l\u00fcnk nem csak egy aut\u00f3t kap, hanem egy teljes k\u00f6r\u0171 szolg\u00e1ltat\u00e1st, aminek k\u00f6sz\u00f6nhet\u0151en tov\u00e1bbi","og_url":"https:\/\/tartosautoberles.siteapp.hu\/?page_id=20565","og_site_name":"Tart\u00f3s Aut\u00f3b\u00e9rl\u00e9s","article_modified_time":"2023-07-18T09:05:11+00:00","og_image":[{"width":1920,"height":995,"url":"https:\/\/tartosautoberles.siteapp.hu\/wp-content\/uploads\/2022\/07\/tartosautoberles-img-1-1.jpg","type":"image\/jpeg"}],"twitter_card":"summary_large_image","twitter_misc":{"Becs\u00fclt olvas\u00e1si id\u0151":"1 perc"},"schema":{"@context":"https:\/\/schema.org","@graph":[{"@type":"WebPage","@id":"https:\/\/tartosautoberles.siteapp.hu\/?page_id=20565","url":"https:\/\/tartosautoberles.siteapp.hu\/?page_id=20565","name":"Impresszum | Tart\u00f3s Aut\u00f3b\u00e9rl\u00e9s","isPartOf":{"@id":"https:\/\/tartosautoberles.siteapp.hu\/#website"},"datePublished":"2022-07-19T11:19:48+00:00","dateModified":"2023-07-18T09:05:11+00:00","description":"Tart\u00f3s aut\u00f3b\u00e9rl\u00e9s jogi szem\u00e9lyeknek. T\u0151l\u00fcnk nem csak egy aut\u00f3t kap, hanem egy teljes k\u00f6r\u0171 szolg\u00e1ltat\u00e1st, aminek k\u00f6sz\u00f6nhet\u0151en tov\u00e1bbi","breadcrumb":{"@id":"https:\/\/tartosautoberles.siteapp.hu\/?page_id=20565#breadcrumb"},"inLanguage":"hu","potentialAction":[{"@type":"ReadAction","target":["https:\/\/tartosautoberles.siteapp.hu\/?page_id=20565"]}]},{"@type":"BreadcrumbList","@id":"https:\/\/tartosautoberles.siteapp.hu\/?page_id=20565#breadcrumb","itemListElement":[{"@type":"ListItem","position":1,"name":"Kezd\u0151lap","item":"https:\/\/tartosautoberles.siteapp.hu\/"},{"@type":"ListItem","position":2,"name":"Impresszum"}]},{"@type":"WebSite","@id":"https:\/\/tartosautoberles.siteapp.hu\/#website","url":"https:\/\/tartosautoberles.siteapp.hu\/","name":"Tart\u00f3s Aut\u00f3b\u00e9rl\u00e9s","description":"Tart\u00f3s aut\u00f3b\u00e9rl\u00e9s kedvez\u0151 csomagaj\u00e1nlatokkal!","publisher":{"@id":"https:\/\/tartosautoberles.siteapp.hu\/#organization"},"potentialAction":[{"@type":"SearchAction","target":{"@type":"EntryPoint","urlTemplate":"https:\/\/tartosautoberles.siteapp.hu\/?s={search_term_string}"},"query-input":{"@type":"PropertyValueSpecification","valueRequired":true,"valueName":"search_term_string"}}],"inLanguage":"hu"},{"@type":"Organization","@id":"https:\/\/tartosautoberles.siteapp.hu\/#organization","name":"Tart\u00f3s Aut\u00f3b\u00e9rl\u00e9s","url":"https:\/\/tartosautoberles.siteapp.hu\/","logo":{"@type":"ImageObject","inLanguage":"hu","@id":"https:\/\/tartosautoberles.siteapp.hu\/#\/schema\/logo\/image\/","url":"https:\/\/tartosautoberles.siteapp.hu\/wp-content\/uploads\/2022\/07\/tartosautoberles-logo-szines-1.png","contentUrl":"https:\/\/tartosautoberles.siteapp.hu\/wp-content\/uploads\/2022\/07\/tartosautoberles-logo-szines-1.png","width":922,"height":199,"caption":"Tart\u00f3s Aut\u00f3b\u00e9rl\u00e9s"},"image":{"@id":"https:\/\/tartosautoberles.siteapp.hu\/#\/schema\/logo\/image\/"}}]}},"_links":{"self":[{"href":"https:\/\/tartosautoberles.siteapp.hu\/index.php?rest_route=\/wp\/v2\/pages\/20565","targetHints":{"allow":["GET"]}}],"collection":[{"href":"https:\/\/tartosautoberles.siteapp.hu\/index.php?rest_route=\/wp\/v2\/pages"}],"about":[{"href":"https:\/\/tartosautoberles.siteapp.hu\/index.php?rest_route=\/wp\/v2\/types\/page"}],"author":[{"embeddable":true,"href":"https:\/\/tartosautoberles.siteapp.hu\/index.php?rest_route=\/wp\/v2\/users\/1"}],"replies":[{"embeddable":true,"href":"https:\/\/tartosautoberles.siteapp.hu\/index.php?rest_route=%2Fwp%2Fv2%2Fcomments&post=20565"}],"version-history":[{"count":14,"href":"https:\/\/tartosautoberles.siteapp.hu\/index.php?rest_route=\/wp\/v2\/pages\/20565\/revisions"}],"predecessor-version":[{"id":22764,"href":"https:\/\/tartosautoberles.siteapp.hu\/index.php?rest_route=\/wp\/v2\/pages\/20565\/revisions\/22764"}],"wp:attachment":[{"href":"https:\/\/tartosautoberles.siteapp.hu\/index.php?rest_route=%2Fwp%2Fv2%2Fmedia&parent=20565"}],"curies":[{"name":"wp","href":"https:\/\/api.w.org\/{rel}","templated":true}]}}